ive c(-6).
2
Let q(r) = 7*r + 263. Calculate q(-38).
-3
Let y(p) = 22*p**2 - 4*p + 22. Determine y(5).
552
Let a(y) = 46*y**2 + 97*y - 1. Give a(-3).
122
Let r(l) = -25897*l + 25900. What is r(1)?
3
Let o(q) = 4*q**3 + 6*q**2 - 2*q - 24. Give o(-3).
-72
Let s(o) = 10*o - 81. Calculate s(-19).
-271
Let f(r) = 262*r + 1820. What is f(-8)?
-276
Let q(j) = 2*j**2 + 26*j - 17. Give q(-12).
-41
Let r(l) = l**3 - 7*l**2 - 146*l + 398. Calculate r(15).
8
Let w(q) = 26*q**2 - 21*q - 35. Give w(-2).
111
Let i(t) = 72*t - 81. Give i(0).
-81
Let z(l) = l**3 - 26*l**2 + 21*l + 699. Determine z(24).
51
Let r(v) = 247*v - 4372. Calculate r(18).
74
Let j(s) = -13*s**2 - 39*s - 7. Give j(-3).
-7
Let t(n) = -4*n**2 + 712*n - 2113. Determine t(175).
-13
Let q(z) = z**2 + 2*z - 87. Calculate q(8).
-7
Let x(c) = 698*c**3 - 3*c**2 + 5*c + 3. Calculate x(-1).
-703
Let d(a) = -1506*a - 10545. Determine d(-7).
-3
Let h(q) = q**3 + 44*q**2 - 525*q - 100. Determine h(-54).
-910
Let k(i) = -i**3 + 30*i**2 - 57*i - 52. Give k(28).
-80
Let g(d) = -37*d + 452. Calculate g(12).
8
Let t(c) = c**2 - 20*c + 55. Give t(11).
-44
Let v(x) = x**2 + x + 25. What is v(10)?
135
Let j(d) = -9*d**2 - 271*d - 69. Determine j(-30).
-39
Let w(v) = -70*v**2 - 480*v + 65. What is w(-7)?
-5
Let i(w) = -w**3 + 21*w**2 + 20*w + 639. Give i(23).
41
Let b(g) = g**2 - 66*g - 369. Give b(71).
-14
Let q(l) = 25*l + 1600. Give q(-66).
-50
Let u(g) = -2*g**3 + 5*g**2 - 2*g + 14. Determine u(4).
-42
Let y(p) = 9*p**3 + 32*p**2 - 18*p - 35. Give y(-4).
-27
Let r(q) = -4*q**3 + 680*q**2 + 1373*q + 522. What is r(172)?
6
Let m(z) = -121*z + 702. Calculate m(6).
-24
Let t(d) = -d**3 + 9*d**2 + 212*d - 2108. What is t(11)?
-18
Let m(n) = 190*n + 349. Determine m(-2).
-31
Let i(n) = -19*n + 266. What is i(14)?
0
Let d(y) = -2*y**3 - 88*y**2 + 101*y + 489. Determine d(-45).
-6
Let y(c) = -11*c + 44. What is y(-16)?
220
Let s(d) = d**2 - 75*d + 655. What is s(9)?
61
Let n(x) = -12*x - 318. What is n(-29)?
30
Let k(r) = 1063*r + 24459. Give k(-23).
10
Let y(c) = -8*c**2 + 101*c + 64. Calculate y(13).
25
Let o(r) = r**3 - 3*r**2 + 5*r - 539. Give o(0).
-539
Let r(m) = -1480*m - 17785. Determine r(-12).
-25
Let a(n) = -n**3 + 10*n**2 + 112*n + 99. What is a(-6)?
3
Let k(x) = 2*x**3 - 6*x + 12. Give k(4).
116
Let q(p) = -284*p - 3323. Give q(-12).
85
Let r(o) = 15*o**2 - 10*o - 23. Determine r(4).
177
Let b(t) = 2*t**3 + 3*t + 18. What is b(0)?
18
Let z(o) = 2*o**3 + 115*o**2 - 53*o + 267. Calculate z(-58).
-23
Let m(z) = z**2 - 161*z + 476. Determine m(3).
2
Let y(t) = -t**3 - 12*t**2 + 1345*t + 17318. Determine y(-13).
2
Let t(b) = 3*b**2 - 86*b - 105. What is t(33)?
324
Let o(f) = f**3 + 4*f**2 - 69*f - 16. Determine o(7).
40
Let i(g) = g**3 + 26*g**2 - 41*g - 97. Determine i(-28).
-517
Let q(k) = -k**2 + 73*k + 548. What is q(-7)?
-12
Let f(m) = 73*m - 7125. Determine f(98).
29
Let u(h) = 87*h + 1970. What is u(-22)?
56
Let g(h) = -130*h + 1084. Determine g(8).
44
Let j(c) = 2*c**2 + 235*c - 17641. Give j(52).
-13
Let d(h) = 119*h - 2304. Determine d(19).
-43
Let i(s) = s**3 - 11*s**2 - 67*s + 529. What is i(13)?
-4
Let h(i) = -3*i**3 - 12*i**2 + 2*i - 9. Give h(-7).
418
Let i(o) = -o**3 + 7*o**2 + 99*o + 2. Determine i(-7).
-5
Let w(s) = -2*s**2 + 75*s + 64. Determine w(38).
26
Let f(a) = a**2 - 27*a - 407. What is f(-11)?
11
Let u(v) = -19*v - 539. Determine u(-28).
-7
Let p(n) = -n**2 + 211*n - 11120. Calculate p(108).
4
Let f(s) = -s**3 + 6*s**2 + 62*s - 33. Give f(11).
44
Let n(q) = 9*q**2 - 15*q + 123. Determine n(6).
357
Let w(z) = 10*z**2 + 111*z - 3. What is w(-11)?
-14
Let q(n) = -102*n - 883. What is q(-8)?
-67
Let t(g) = -194*g - 906. What is t(-5)?
64
Let f(n) = -3*n**3 + 226*n**2 - 74*n - 73. Calculate f(75).
2
Let d(g) = 140*g + 1762. Determine d(-14).
-198
Let m(a) = 8*a**3 + 250*a**2 + 60*a - 44. What is m(-31)?
18
Let q(s) = -26*s**3 + 101*s - 210. Give q(2).
-216
Let d(w) = -w**3 + 24*w**2 + 20*w + 128. Give d(25).
3
Let v(w) = 2*w**3 + 109*w**2 + 50*w - 209. Give v(-54).
7
Let t(x) = -x**3 - 11*x**2 - 3*x. Give t(0).
0
Let v(s) = 201*s - 1849. Calculate v(9).
-40
Let u(m) = -m**3 + 2*m**2 + m - 6. Give u(-4).
86
Let k(i) = -46*i**2 + 11*i - 10. Determine k(1).
-45
Let s(n) = n**3 - 13*n**2 - 25*n + 145. Give s(7).
-324
Let h(f) = -f**3 - 3*f**2 - 13*f - 3. Determine h(0).
-3
Let m(w) = -w**3 - 2*w**2 + 11*w + 6. Determine m(3).
-6
Let y(q) = 17*q - 32. What is y(3)?
19
Let k(q) = -5*q**2 + 10*q + 32. Give k(5).
-43
Let c(u) = u**3 + 5*u**2 - 19*u + 293. Give c(-10).
-17
Let b(h) = h**2 - 141*h + 3854. What is b(37)?
6
Let u(t) = 178*t + 1228. Give u(-7).
-18
Let t(s) = 2*s**2 + 7*s - 66. Give t(7).
81
Let j(k) = -89*k + 5246. What is j(59)?
-5
Let h(m) = m**2 + 318*m + 4249. What is h(-14)?
-7
Let c(m) = -80*m + 485. What is c(6)?
5
Let q(b) = b**3 + 34*b**2 + 149*b + 36. What is q(-29)?
-80
Let g(x) = 3*x**2 + 17*x + 1. What is g(-7)?
29
Let c(m) = m**3 + 5*m**2 - 13*m - 119. Give c(-9).
-326
Let o(u) = 4*u**3 - 133*u**2 + 26*u + 224. Determine o(33).
-7
Let b(t) = 28*t - 398. What is b(14)?
-6
Let t(g) = -294*g**2 - 2370*g + 18. Calculate t(-8).
162
Let s(r) = 31*r + 1572. Calculate s(-52).
-40
Let s(v) = -v**3 - 6*v**2 + 10*v - 4. Determine s(1).
-1
Let w(l) = -2*l**2 - l + 69. Give w(11).
-184
Let d(m) = -m**3 + 156*m**2 - 3053*m - 814. Determine d(133).
-16
Let m(h) = 50*h + 2907. Calculate m(-59).
-43
Let t(p) = -p**3 + 6*p**2 + 276*p - 19. Give t(-14).
37
Let f(j) = j**3 + 7*j**2 + 5*j + 134. Determine f(-8).
30
Let i(b) = b**2 - 486*b + 7519. What is i(16)?
-1
Let q(r) = 5*r**2 - 11*r - 21. Calculate q(-2).
21
Let f(s) = -15*s**2 + 1231*s - 87. What is f(82)?
-5
Let p(l) = 2*l**2 - 24*l + 82. Give p(5).
12
Let o(h) = -160*h - 14721. What is o(-92)?
-1
Let y(z) = -4*z**2 + 906*z - 4423. Determine y(5).
7
Let o(q) = q**3 - 111*q**2 - 225*q - 118. Give o(113).
-5
Let d(y) = 235*y - 12474. What is d(53)?
-19
Let z(f) = -1520*f - 76001. What is z(-50)?
-1
Let j(h) = 47*h + 919. Calculate j(-25).
-256
Let k(o) = -3*o**3 + 28*o**2 + 33*o - 34. Give k(10).
96
Let d(q) = 84*q - 1016. Determine d(12).
-8
Let a(q) = -246*q + 2095. What is a(9)?
-119
Let c(l) = 4*l**3 - 2*l**2 - 4*l + 14. Determine c(4).
222
Let r(k) = -21*k - 17. Determine r(-3).
46
Let k(r) = 4*r**2 - 61*r - 109. What is k(16)?
-61
Let m(x) = 3*x**3 + 47*x**2 + 109*x - 6. Give m(-3).
9
Let m(x) = 3701*x - 11114. Determine m(3).
-11
Let n(f) = -f**3 + 8*f**2 + 20*f - 21. Determine n(10).
-21
Let p(d) = -d**3 - 13*d**2 - 14*d + 11. What is p(-12)?
35
Let a(f) = -92*f**3 - 15*f - 28. Determine a(-2).
738
Let i(j) = -j**2 + 43*j - 406. What is i(22)?
56
Let k(l) = -1126*l + 4563. Determine k(4).
59
Let p(x) = 3*x**2 + 93*x + 46. Calculate p(-29).
-128
Let b(p) = 6*p**2 + 86*p - 59. Calculate b(-15).
1
Let o(y) = 12*y**3 + 96*y**2 - 29*y - 238. Determine o(-8).
-6
Let i(c) = -3*c**2 - 35*c - 106. What is i(-6)?
-4
Let g(r) = 2*r**2 + 62*r + 236. Determine g(-22).
-160
Let d(i) = -i**3 + 6*i**2 - 34. Determine d(-6).
398
Let l(s) = 146*s**2 - 58*s - 58. Calculate l(-1).
146
Let o(j) = 31*j + 2645. What is o(-86)?
-21
Let f(z) = -z**3 + 22*z**2 - 22*z - 90. Give f(21).
-111
Let j(t) = -3*t**2 - 102*t - 649. Give j(-26).
-25
Let c(u) = 7*u + 94. Calculate c(-27).
-95
Let w(z) = -14*z - 30. What is w(-9)?
96
Let c(k) = -3*k**3 - 2*k**2 - 8*k - 10. Give c(-3).
77
Let q(l) = -l**2 - 6219*l + 18652. Determine q(3).
-14
Let b(j) = -125*j + 1232. Give b(10).
-18
Let p(y) = 3*y**2 - 108*y - 954. Calculate p(-8).
102
Let h(u) = 23*u**2 + 10*u - 16. Give h(-1).
-3
Let h(o) = -13*o + 44. Calculate h(7).
-47
Let u(s) = s**3 + 50*s**2 + 626*s + 16. Determine u(-25).
-9
Let m(q) = -7*q**3 + 218*q**2 - 34*q + 78. What is m(31)?
-15
Let d(z) = 21*z - 172. Calculate d(9).
17
Let q(s) = -4*s**2 + 87*s + 7. What is q(22)?
-15
Let g(l) = 13*l - 103. Determine g(15).
92
Let c(n) = -n**2 + 656*n + 3986. Calculate c(-6).
14
Let m(b) = 111*b - 34. Calculate m(1).
77
Let y(j) = j**3 - 11*j**2 - 6*j + 33. Determine y(11).
-33
Let m(w) = -193*w + 473. Determine m(2).
87
Let g(v) = 1080*v - 38. Determine g(0).
-38
Let f(k) = 2*k**2 - 15*k - 13. Calculate f(6).
-31
Let r(p) = -42*p**2 + 205*p + 26. Give r(5).
1
Let y(t) = -t**3 - t**2 - 4*t - 1. Give y(3).